{"id":3825,"date":"2026-05-04T13:07:38","date_gmt":"2026-05-04T16:07:38","guid":{"rendered":"https:\/\/www.jjgoldbr.com.br\/?post_type=product&#038;p=3825"},"modified":"2026-05-04T14:58:23","modified_gmt":"2026-05-04T17:58:23","slug":"kit-colar-infantil-prata","status":"publish","type":"product","link":"https:\/\/www.jjgoldbr.com.br\/?product=kit-colar-infantil-prata","title":{"rendered":"Kit Colar infantil prata"},"content":{"rendered":"<p data-start=\"177\" data-end=\"442\">Delicado e encantador, o Kit Colar Infantil Prata \u00e9 perfeito para deixar o visual das pequenas ainda mais especial. Composto por dois colares leves e cheios de charme, ele traz um toque elegante e moderno na cor prata, ideal para diversas ocasi\u00f5es.<\/p>\n<p data-start=\"444\" data-end=\"579\">As pe\u00e7as podem ser usadas juntas ou separadamente, permitindo combina\u00e7\u00f5es vers\u00e1teis e estilosas para o dia a dia ou momentos especiais.<\/p>\n<p data-start=\"581\" data-end=\"755\"><strong data-start=\"581\" data-end=\"595\">Destaques:<\/strong><br data-start=\"595\" data-end=\"598\" \/>\u2022 Kit com 2 colares infantis<br data-start=\"626\" data-end=\"629\" \/>\u2022 Design delicado e encantador<br data-start=\"659\" data-end=\"662\" \/>\u2022 Acabamento elegante na cor prata<br data-start=\"696\" data-end=\"699\" \/>\u2022 Leves e confort\u00e1veis<br data-start=\"721\" data-end=\"724\" \/>\u2022 Perfeito para presentear<\/p>\n<p data-start=\"757\" data-end=\"868\"><strong data-start=\"757\" data-end=\"776\">Especifica\u00e7\u00f5es:<\/strong><br data-start=\"776\" data-end=\"779\" \/>\u2022 Tipo: Semijoias<br data-start=\"796\" data-end=\"799\" \/>\u2022 Cor: Prata<br data-start=\"811\" data-end=\"814\" \/>\u2022 Indica\u00e7\u00e3o: Infantil<br data-start=\"835\" data-end=\"838\" \/>\u2022 Fecho: Lagosta \/ Ajust\u00e1vel<\/p>\n<p data-start=\"870\" data-end=\"1077\"><strong data-start=\"870\" data-end=\"896\">Cuidados com as pe\u00e7as:<\/strong><br data-start=\"896\" data-end=\"899\" \/>Para maior durabilidade das semijoias, evite contato com \u00e1gua, perfumes, cremes e produtos qu\u00edmicos. Guarde em local seco e evite atrito com outras pe\u00e7as para preservar o brilho.<\/p>\n","protected":false},"excerpt":{"rendered":"<p>Delicado e encantador, o Kit Colar Infantil Prata \u00e9 perfeito para deixar o visual das pequenas ainda mais especial. Composto por dois colares leves e cheios de charme, ele traz um toque elegante e moderno na cor prata, ideal para diversas ocasi\u00f5es. As pe\u00e7as podem ser usadas juntas ou separadamente, permitindo combina\u00e7\u00f5es vers\u00e1teis e estilosas [&hellip;]<\/p>\n","protected":false},"featured_media":3816,"template":"","meta":{"content-type":""},"product_brand":[],"product_cat":[30,57],"product_tag":[],"class_list":{"0":"post-3825","1":"product","2":"type-product","3":"status-publish","4":"has-post-thumbnail","6":"product_cat-infantil","7":"product_cat-kits","9":"first","10":"instock","11":"sale","12":"shipping-taxable","13":"purchasable","14":"product-type-simple"},"_links":{"self":[{"href":"https:\/\/www.jjgoldbr.com.br\/index.php?rest_route=\/wp\/v2\/product\/3825","targetHints":{"allow":["GET"]}}],"collection":[{"href":"https:\/\/www.jjgoldbr.com.br\/index.php?rest_route=\/wp\/v2\/product"}],"about":[{"href":"https:\/\/www.jjgoldbr.com.br\/index.php?rest_route=\/wp\/v2\/types\/product"}],"wp:featuredmedia":[{"embeddable":true,"href":"https:\/\/www.jjgoldbr.com.br\/index.php?rest_route=\/wp\/v2\/media\/3816"}],"wp:attachment":[{"href":"https:\/\/www.jjgoldbr.com.br\/index.php?rest_route=%2Fwp%2Fv2%2Fmedia&parent=3825"}],"wp:term":[{"taxonomy":"product_brand","embeddable":true,"href":"https:\/\/www.jjgoldbr.com.br\/index.php?rest_route=%2Fwp%2Fv2%2Fproduct_brand&post=3825"},{"taxonomy":"product_cat","embeddable":true,"href":"https:\/\/www.jjgoldbr.com.br\/index.php?rest_route=%2Fwp%2Fv2%2Fproduct_cat&post=3825"},{"taxonomy":"product_tag","embeddable":true,"href":"https:\/\/www.jjgoldbr.com.br\/index.php?rest_route=%2Fwp%2Fv2%2Fproduct_tag&post=3825"}],"curies":[{"name":"wp","href":"https:\/\/api.w.org\/{rel}","templated":true}]}}