{"id":3786,"date":"2026-05-04T11:34:33","date_gmt":"2026-05-04T14:34:33","guid":{"rendered":"https:\/\/www.jjgoldbr.com.br\/?post_type=product&#038;p=3786"},"modified":"2026-05-04T13:23:26","modified_gmt":"2026-05-04T16:23:26","slug":"kit-colar-e-brinco-dourado","status":"publish","type":"product","link":"https:\/\/www.jjgoldbr.com.br\/?product=kit-colar-e-brinco-dourado","title":{"rendered":"Kit Cora\u00e7\u00e3o Cravejado Dourado"},"content":{"rendered":"<p data-start=\"171\" data-end=\"452\"><strong data-start=\"171\" data-end=\"185\">Descri\u00e7\u00e3o:<\/strong><br data-start=\"185\" data-end=\"188\" \/>Um conjunto sofisticado que traduz eleg\u00e2ncia e romantismo em cada detalhe. O Kit Cora\u00e7\u00e3o Cravejado Dourado \u00e9 composto por colar e brinco com design em formato de cora\u00e7\u00e3o, totalmente adornados com micro pedras brilhantes que real\u00e7am ainda mais o acabamento dourado.<\/p>\n<p data-start=\"454\" data-end=\"633\">Com um brilho delicado e refinado, esse kit \u00e9 perfeito para quem deseja um acess\u00f3rio marcante na medida certa, ideal para elevar qualquer look do dia a dia a ocasi\u00f5es especiais.<\/p>\n<p data-start=\"635\" data-end=\"825\"><strong data-start=\"635\" data-end=\"649\">Destaques:<\/strong><br data-start=\"649\" data-end=\"652\" \/>\u2022 Kit completo: colar + brinco<br data-start=\"682\" data-end=\"685\" \/>\u2022 Acabamento dourado elegante<br data-start=\"714\" data-end=\"717\" \/>\u2022 Design delicado e atemporal<br data-start=\"746\" data-end=\"749\" \/>\u2022 Brilho sofisticado que valoriza o visual<br data-start=\"791\" data-end=\"794\" \/>\u2022 Perfeito para presentear<\/p>\n<p data-start=\"827\" data-end=\"977\"><strong data-start=\"827\" data-end=\"846\">Especifica\u00e7\u00f5es:<\/strong><br data-start=\"846\" data-end=\"849\" \/>\u2022 Tipo: Semijoias<br data-start=\"866\" data-end=\"869\" \/>\u2022 Cor: Dourado<br data-start=\"883\" data-end=\"886\" \/>\u2022 Pedras: Micro zirc\u00f4nias\u00a0<br data-start=\"924\" data-end=\"927\" \/>\u2022 Fecho colar: Lagosta<br data-start=\"949\" data-end=\"952\" \/>\u2022 Fecho brinco: Tarraxa<\/p>\n<p data-start=\"979\" data-end=\"1201\"><strong data-start=\"979\" data-end=\"1005\">Cuidados com as pe\u00e7as:<\/strong><br data-start=\"1005\" data-end=\"1008\" \/>Para maior durabilidade das semijoias, evite contato com \u00e1gua, perfumes, cremes e produtos qu\u00edmicos. Guarde em local seco e evite atrito com outras pe\u00e7as para preservar o brilho e o acabamento.<\/p>\n","protected":false},"excerpt":{"rendered":"<p>Descri\u00e7\u00e3o:Um conjunto sofisticado que traduz eleg\u00e2ncia e romantismo em cada detalhe. O Kit Cora\u00e7\u00e3o Cravejado Dourado \u00e9 composto por colar e brinco com design em formato de cora\u00e7\u00e3o, totalmente adornados com micro pedras brilhantes que real\u00e7am ainda mais o acabamento dourado. Com um brilho delicado e refinado, esse kit \u00e9 perfeito para quem deseja um [&hellip;]<\/p>\n","protected":false},"featured_media":3821,"template":"","meta":{"content-type":""},"product_brand":[],"product_cat":[57],"product_tag":[],"class_list":{"0":"post-3786","1":"product","2":"type-product","3":"status-publish","4":"has-post-thumbnail","6":"product_cat-kits","8":"first","9":"instock","10":"sale","11":"featured","12":"shipping-taxable","13":"purchasable","14":"product-type-simple"},"_links":{"self":[{"href":"https:\/\/www.jjgoldbr.com.br\/index.php?rest_route=\/wp\/v2\/product\/3786","targetHints":{"allow":["GET"]}}],"collection":[{"href":"https:\/\/www.jjgoldbr.com.br\/index.php?rest_route=\/wp\/v2\/product"}],"about":[{"href":"https:\/\/www.jjgoldbr.com.br\/index.php?rest_route=\/wp\/v2\/types\/product"}],"wp:featuredmedia":[{"embeddable":true,"href":"https:\/\/www.jjgoldbr.com.br\/index.php?rest_route=\/wp\/v2\/media\/3821"}],"wp:attachment":[{"href":"https:\/\/www.jjgoldbr.com.br\/index.php?rest_route=%2Fwp%2Fv2%2Fmedia&parent=3786"}],"wp:term":[{"taxonomy":"product_brand","embeddable":true,"href":"https:\/\/www.jjgoldbr.com.br\/index.php?rest_route=%2Fwp%2Fv2%2Fproduct_brand&post=3786"},{"taxonomy":"product_cat","embeddable":true,"href":"https:\/\/www.jjgoldbr.com.br\/index.php?rest_route=%2Fwp%2Fv2%2Fproduct_cat&post=3786"},{"taxonomy":"product_tag","embeddable":true,"href":"https:\/\/www.jjgoldbr.com.br\/index.php?rest_route=%2Fwp%2Fv2%2Fproduct_tag&post=3786"}],"curies":[{"name":"wp","href":"https:\/\/api.w.org\/{rel}","templated":true}]}}